emainder when 2896 is divided by 13?
10
Calculate the remainder when 200 is divided by 166.
34
Calculate the remainder when 286 is divided by 32.
30
What is the remainder when 1406 is divided by 44?
42
What is the remainder when 3215 is divided by 31?
22
Calculate the remainder when 1253 is divided by 178.
7
What is the remainder when 5164 is divided by 34?
30
What is the remainder when 186 is divided by 84?
18
Calculate the remainder when 3162 is divided by 243.
3
Calculate the remainder when 3217 is divided by 140.
137
Calculate the remainder when 476 is divided by 60.
56
What is the remainder when 868 is divided by 58?
56
What is the remainder when 941 is divided by 316?
309
What is the remainder when 37285 is divided by 59?
56
What is the remainder when 17 is divided by 8?
1
What is the remainder when 1474 is divided by 51?
46
What is the remainder when 741 is divided by 220?
81
What is the remainder when 175 is divided by 16?
15
Calculate the remainder when 5924 is divided by 15.
14
Calculate the remainder when 39 is divided by 4.
3
Calculate the remainder when 371 is divided by 22.
19
Calculate the remainder when 347 is divided by 47.
18
Calculate the remainder when 116 is divided by 11.
6
What is the remainder when 478 is divided by 288?
190
What is the remainder when 278 is divided by 13?
5
Calculate the remainder when 53 is divided by 38.
15
Calculate the remainder when 98 is divided by 40.
18
What is the remainder when 343 is divided by 70?
63
Calculate the remainder when 1293 is divided by 36.
33
What is the remainder when 35995 is divided by 213?
211
What is the remainder when 2319 is divided by 576?
15
What is the remainder when 7422 is divided by 2473?
3
Calculate the remainder when 559 is divided by 151.
106
Calculate the remainder when 597 is divided by 117.
12
Calculate the remainder when 137 is divided by 28.
25
What is the remainder when 150 is divided by 146?
4
What is the remainder when 1011 is divided by 24?
3
Calculate the remainder when 1025 is divided by 57.
56
Calculate the remainder when 66 is divided by 7.
3
Calculate the remainder when 2460 is divided by 815.
15
Calculate the remainder when 229 is divided by 49.
33
Calculate the remainder when 1662 is divided by 16.
14
What is the remainder when 191 is divided by 4?
3
Calculate the remainder when 175 is divided by 77.
21
What is the remainder when 65 is divided by 14?
9
What is the remainder when 107 is divided by 37?
33
What is the remainder when 3957 is divided by 180?
177
Calculate the remainder when 401 is divided by 77.
16
What is the remainder when 80 is divided by 35?
10
Calculate the remainder when 2517 is divided by 21.
18
Calculate the remainder when 152 is divided by 136.
16
Calculate the remainder when 2327 is divided by 194.
193
What is the remainder when 755 is divided by 76?
71
Calculate the remainder when 128 is divided by 115.
13
Calculate the remainder when 4485 is divided by 22.
19
Calculate the remainder when 24 is divided by 6.
0
Calculate the remainder when 1390 is divided by 232.
230
Calculate the remainder when 465 is divided by 36.
33
Calculate the remainder when 458 is divided by 149.
11
Calculate the remainder when 600 is divided by 14.
12
Calculate the remainder when 456 is divided by 45.
6
Calculate the remainder when 68 is divided by 28.
12
Calculate the remainder when 19 is divided by 10.
9
What is the remainder when 637 is divided by 130?
117
What is the remainder when 258 is divided by 113?
32
Calculate the remainder when 347 is divided by 113.
8
What is the remainder when 369 is divided by 100?
69
What is the remainder when 1479 is divided by 57?
54
What is the remainder when 250 is divided by 15?
10
What is the remainder when 2363 is divided by 98?
11
What is the remainder when 1088 is divided by 102?
68
Calculate the remainder when 5293 is divided by 74.
39
What is the remainder when 794 is divided by 381?
32
What is the remainder when 117 is divided by 34?
15
What is the remainder when 69 is divided by 3?
0
What is the remainder when 4417 is divided by 9?
7
Calculate the remainder when 1771 is divided by 54.
43
Calculate the remainder when 2207 is divided by 17.
14
Calculate the remainder when 108 is divided by 47.
14
Calculate the remainder when 30 is divided by 8.
6
What is the remainder when 108 is divided by 38?
32
What is the remainder when 2126 is divided by 4?
2
What is the remainder when 96 is divided by 21?
12
Calculate the remainder when 267 is divided by 29.
6
Calculate the remainder when 37 is divided by 6.
1
Calculate the remainder when 4274 is divided by 25.
24
Calculate the remainder when 163 is divided by 56.
51
What is the remainder when 294 is divided by 101?
92
Calculate the remainder when 1290 is divided by 205.
60
What is the remainder when 119 is divided by 117?
2
What is the remainder when 297 is divided by 30?
27
Calculate the remainder when 970 is divided by 37.
8
Calculate the remainder when 15 is divided by 13.
2
Calculate the remainder when 31 is divided by 23.
8
What is the remainder when 56 is divided by 10?
6
What is the remainder when 807 is divided by 770?
37
Calculate the remainder when 246 is divided by 89.
68
What is the remainder when 1588 is divided by 63?
13
Calculate the remainder when 114 is divided by 23.
22
What is the remainder when 63 is divided by 24?
15
What is the remainder when 910 is divided by 227?
2
Calculate the remainder when 62 is divided by 30.
2
What is the remainder when 201 is divided by 51?
48
Calculate the remainder when 6120 is divided by 39.
36
What is the remainder when 258 is divided by 41?
12
What is the remainder when 188 is divided by 25?
13
What is the remainder when 815 is divided by 9?
5
What is the remainder when 3169 is divided by 1573?
23
What is the remainder when 187 is divided by 48?
43
Calculate the remainder when 24 is divided by 5.
4
What is the remainder when 98 is divided by 45?
8
What is the remainder when 394 is divided by 100?
94
What is the remainder when 144 is divided by 21?
18
Calculate the remainder when 1786 is divided by 12.
10
What is the remainder when 159 is divided by 28?
19
Calculate the remainder when 361 is divided by 13.
10
What is the remainder when 98592 is divided by 15?
12
What is the remainder when 201 is divided by 60?
21
What is the remainder when 3653 is divided by 126?
125
What is the remainder when 1074 is divided by 193?
109
Calculate the remainder when 101 is divided by 31.
8
What is the remainder when 48 is divided by 40?
8
Calculate the remainder when 2321 is divided by 7.
4
Calculate the remainder when 321 is divided by 78.
9
Calculate the remainder when 61 is divided by 2.
1
What is the remainder when 331 is divided by 114?
103
What is the remainder when 205 is divided by 44?
29
Calculate the remainder when 7469 is divided by 90.
89
Calculate the remainder when 804 is divided by 54.
48
What is the remainder when 49958 is divided by 13?
12
Calculate the remainder when 1301 is divided by 12.
5
What is the remainder when 318 is divided by 283?
35
Calculate the remainder when 448 is divided by 199.
50
Calculate the remainder when 63 is divided by 63.
0
What is the remainder when 21360 is divided by 28?
24
What is the remainder when 206 is divided by 24?
14
What is the remainder when 920 is divided by 5?
0
What is the remainder when 1464 is divided by 727?
10
Calculate the remainder when 769 is divided by 302.
165
Calculate the remainder when 62 is divided by 9.
8
Calculate the remainder when 331 is divided by 9.
7
Calculate the remainder when 229 is divided by 155.
74
What is the remainder when 453 is divided by 38?
35
Calculate the remainder when 1566 is divided by 40.
6
Calculate the remainder when 410 is divided by 59.
56
What is the remainder when 394 is divided by 9?
7
Calculate the remainder when 682 is divided by 334.
14
Calculate the remainder when 104 is divided by 14.
6
What is the remainder when 2474 is divided by 23?
13
What is the remainder when 5355 is divided by 206?
205
Calculate the remainder when 1982 is divided by 31.
29
What is the remainder when 2309 is divided by 89?
84
Calculate the remainder when 478 is divided by 11.
5
Calculate the remainder when 232 is divided by 74.
10
What is the remai